 16?
3a
What is 1655 (base 10) in base 13?
9a4
22a (base 12) to base 11
273
What is -12101 (base 3) in base 10?
-145
Convert 5251 (base 8) to base 11.
2061
1572 (base 10) to base 15
6ec
Convert -304040 (base 5) to base 7.
-40564
1580d (base 15) to base 7
406036
What is 5345 (base 6) in base 11?
a07
20222220 (base 3) to base 5
130400
-24 (base 8) to base 7
-26
-1a30 (base 11) to base 5
-40244
What is 1055 (base 7) in base 9?
465
Convert -11111011010110 (base 2) to base 10.
-16086
11522 (base 7) to base 3
11010022
10995 (base 10) to base 2
10101011110011
-400430 (base 5) to base 13
-5985
335 (base 16) to base 2
1100110101
What is -21122 (base 3) in base 8?
-316
Convert -1103 (base 7) to base 13.
-245
What is -1371 (base 13) in base 16?
-aec
What is -24604 (base 9) in base 13?
-76a5
Convert -51014 (base 7) to base 16.
-3047
100122220 (base 3) to base 7
26352
What is -3683 (base 9) in base 15?
-c33
Convert 110463 (base 9) to base 7.
363252
33 (base 8) to base 4
123
9a (base 14) to base 7
253
Convert 4555 (base 6) to base 16.
437
What is -1101101111011 (base 2) in base 15?
-2140
Convert 114 (base 7) to base 12.
50
What is -11106 (base 8) in base 11?
-3573
Convert -1471 (base 10) to base 14.
-771
3321 (base 6) to base 15
364
Convert 11101010 (base 2) to base 11.
1a3
106 (base 14) to base 10
202
-5b06 (base 12) to base 15
-3070
-aa0 (base 16) to base 3
-10201202
What is 2230 (base 6) in base 13?
312
What is 2315 (base 9) in base 10?
1715
What is -de3b (base 15) in base 11?
-32411
-c888 (base 13) to base 11
-199a9
Convert 156c (base 13) to base 7.
12063
-436 (base 11) to base 5
-4043
-4560 (base 15) to base 4
-3211323
381 (base 14) to base 5
10301
What is 50826 (base 9) in base 16?
82c5
Convert 422f (base 16) to base 2.
100001000101111
Convert -41015 (base 6) to base 7.
-21530
What is 332303 (base 4) in base 10?
4019
What is 3155 (base 6) in base 8?
1317
Convert 339 (base 10) to base 2.
101010011
Convert -614 (base 10) to base 15.
-2ae
Convert a98 (base 13) to base 5.
24230
3600 (base 7) to base 14
6a7
-445 (base 7) to base 12
-171
Convert -248 (base 15) to base 8.
-1006
15737 (base 10) to base 7
63611
What is -15635 (base 10) in base 9?
-23402
Convert 12121 (base 4) to base 2.
110011001
Convert 7649 (base 11) to base 8.
23560
What is -14332 (base 5) in base 6?
-5345
10011101010 (base 2) to base 5
20013
42 (base 15) to base 8
76
Convert -2679 (base 14) to base 16.
-1a73
Convert -113001 (base 5) to base 11.
-3111
Convert -1001100000 (base 2) to base 15.
-2a8
Convert 17715 (base 15) to base 3.
10212001002
Convert -32220 (base 4) to base 10.
-936
What is 7501 (base 13) in base 7?
65206
-100011010 (base 2) to base 8
-432
-8585 (base 9) to base 2
-1100010101010
Convert -656 (base 7) to base 3.
-110102
Convert 1319 (base 12) to base 8.
4205
What is -5775 (base 16) in base 15?
-6979
Convert -20113 (base 7) to base 15.
-1691
Convert -2244020 (base 5) to base 15.
-c00a
Convert -2960 (base 15) to base 7.
-34563
Convert 9563 (base 11) to base 8.
30555
Convert 827 (base 12) to base 15.
53d
-6c2 (base 15) to base 14
-7b6
What is -26b3 (base 14) in base 15?
-204b
a71 (base 12) to base 6
11021
-22200 (base 3) to base 10
-234
What is -110110111 (base 2) in base 15?
-1e4
Convert 8a (base 16) to base 9.
163
-232a (base 13) to base 4
-1031021
4d2f (base 16) to base 10
19759
Convert -103056 (base 7) to base 15.
-546c
What is -10000313 (base 4) in base 12?
-961b
16111 (base 9) to base 12
646a
Convert 2197 (base 13) to base 11.
3581
What is 6555 (base 7) in base 12?
1433
Convert -12435 (base 11) to base 10.
-17825
488a (base 11) to base 13
2ba7
What is -1011111100 (base 2) in base 5?
-11024
Convert 21101 (base 3) to base 9.
241
Convert 100 (base 16) to base 13.
169
Convert 1002034 (base 6) to base 14.
13250
Convert 30022100 (base 4) to base 8.
141220
What is -20011122 (base 3) in base 5?
-120444
What is 30 (base 6) in base 3?
200
16a63 (base 12) to base 7
164046
Convert 58d4 (base 14) to base 10.
15474
-25b (base 12) to base 6
-1355
Convert -120101 (base 3) to base 7.
-1132
Convert 11650 (base 11) to base 13.
7819
60a05 (base 11) to base 16
15be5
What is 130 (base 11) in base 13?
bb
Convert -b10 (base 12) to base 3.
-2012010
Convert 2212 (base 6) to base 15.
242
What is 15a3 (base 11) in base 4?
200001
What is -75a (base 14) in base 12?
-a10
6124 (base 12) to base 9
15411
Convert 12210 (base 4) to base 6.
1540
1182 (base 10) to base 11
985
Convert 25c47 (base 13) to base 9.
116253
101111111000 (base 2) to base 8
5770
Convert -1007 (base 8) to base 5.
-4034
1011100110111001 (base 2) to base 11
327a3
-3137 (base 9) to base 12
-13ba
What is -2ceb (base 15) in base 8?
-22707
Convert 2306 (base 8) to base 14.
634
What is -10122 (base 3) in base 10?
-98
What is 7466 (base 8) in base 10?
3894
What is -1111101000110 (base 2) in base 13?
-384b
What is 18243 (base 9) in base 12?
7356
What is 3131 (base 4) in base 12?
165
What is -78f (base 16) in base 2?
-11110001111
-5062 (base 7) to base 2
-11011011111
What is 2a4 (base 14) in base 6?
2252
Convert 1535 (base 6) to base 3.
120112
Convert 466 (base 8) to base 11.
262
Convert -83 (base 15) to base 8.
-173
What is 86a7 (base 14) in base 5?
1221100
Convert 111000 (base 2) to base 3.
2002
Convert 365 (base 12) to base 13.
302
What is ba7 (base 15) in base 9?
3544
40315 (base 6) to base 15
1888
What is 3114412 (base 5) in base 16?
c820
1bd9a (base 14) to base 12
35304
Convert -23203 (base 4) to base 11.
-612
Convert 10324 (base 5) to base 9.
873
What is 12320211 (base 4) in base 2?
110111000100101
-10001111110011 (base 2) to base 14
-34d5
-c8 (base 15) to base 16
-bc
What is 1111 (base 5) in base 9?
183
What is 124411 (base 5) in base 6?
35021
What is -3230 (base 7) in base 2?
-10001111100
1664 (base 12) to base 15
bcd
-3066 (base 7) to base 10
-1077
What is -101010101010000 (base 2) in base 7?
-120450
-122120 (base 3) to base 6
-2110
Convert 271d (base 16) to base 9.
14655
What is -13 (base 5) in base 6?
-12
Convert -e75 (base 15) to base 7.
-12335
What is -1105 (base 6) in base 13?
-16a
What is 1510 (base 12) in base 6?
15220
What is 21020020 (base 4) in base 2?
1001001000001000
Convert 1154 (base 8) to base 16.
26c
What is 1111001101100 (base 2) in base 4?
1321230
Convert 675 (base 9) to base 12.
3a2
Convert 420223 (base 5) to base 12.
7bb1
Convert 2030110 (base 4) to base 9.
13277
Convert 133221 (base 5) to base 14.
1da4
Convert 589 (base 15) to base 5.
20004
Convert 86d (base 16) to base 6.
13553
What is -8585 (base 12) in base 13?
-6887
Convert -100012212 (base 4) to base 10.
-65958
466 (base 8) to base 6
1234
Convert -12325 (base 11) to base 8.
-42435
-1905 (base 10) to base 8
-3561
What is -bc4 (base 13) in base 15?
-8e9
Convert 5564 (base 10) to base 11.
41a9
142106 (base 7) to base 8
65020
-224114 (base 5) to base 11
-6044
What is 545 (base 9) in base 13?
284
Convert cc53 (base 13) to base 2.
110111100101100
What is -220 (base 8) in base 12?
-100
-2232 (base 5) to base 12
-225
-2107 (base 8) to base 14
-583
-102220 (base 3) to base 6
-1253
What is 141221 (base 6) in base 8?
31715
25 (base 11) to base 7
36
What is -1264 (base 8) in base 7?
-2006
-753 (base 11) to base 13
-548
Convert 471d (base 14) to base 10.
12375
What is 13391 (base 13) in base 3?
1211002002
What is 921 (base 10) in base 8?
1631
b937 (base 13) to base 4
12102012
-10361 (base 7) to base 5
-40331
Convert 1124 (base 7) to base 6.
1522
-67625 (base 8) to base 2
-110111110010101
30324 (base 10) to base 8
73164
What is -2000110 (base 3) in base 8?
-2676
Convert -2fb (base 16) to base 12.
-537
What is 22 (base 9) in base 6?
32
Convert -13023100 (base 4) to base 5.
-1420032
Convert 4712 (base 10) to base 14.
1a08
543 (base 10) to base 11
454
Convert -2b21 (base 16) to base 6.
-123041
Convert -1120 (base 4) to base 7.
-154
Convert 66026 (base 8) to base 4.
12300112
What is -1ba6a (base 13) in base 3?
-2202202202
221212001 (base 3) to base 13
876a
-11020 (base 3) to base 16
-72
-272 (base 10) to base 16
-110
What is -677c (base 16) in base 12?
-133b8
What is -2b3 (base 15) in base 13?
-387
-424 (base 8) to base 12
-1b0
-102322 (base 4) to base 7
-3346
What is -20 (base 8) in base 9?
-17
Convert 10011000011100 (base 2) to base 13.
4596
10966 (base 10) to base 14
3d